 + 2 - 47 = -3*n, 4*n + 68 = j*x. What is the greatest common factor of x and 6?
6
Let x be (-3)/2 - 6/4. Let b = 7 + x. Suppose -y + 7 = 2*g - 9, -2*y - b = -2*g. Calculate the highest common divisor of 15 and g.
3
Let z = 38 + 122. Calculate the greatest common divisor of z and 20.
20
Let a(w) = 0 + 0 - 1 - 2*w + 12*w**2. Let g be a(-2). What is the highest common factor of g and 17?
17
Let m(j) = 8*j**2 + 6*j + 7. Let f be m(-2). Calculate the greatest common divisor of 36 and f.
9
Let t be (11 - (-2 - -4)) + 0. What is the highest common divisor of 63 and t?
9
Let y be ((-9)/(-5))/(6/210). What is the highest common factor of 7 and y?
7
Suppose i = -3*i - 16. Let h(q) = q**3 + 3*q**2 - 3*q - 6. Let a be h(i). Let b = 18 + a. Calculate the highest common divisor of 8 and b.
8
Suppose -9 = -4*n + 3. Suppose -p = -y - 2, 2*y + 8 = 5*p - y. Calculate the highest common factor of n and p.
1
Suppose 4*i = -5*u + 156, -2 + 10 = 2*i. Let a be -1*(-5 + 3 - u). Let y be 45*((-1)/(-3) + 0). Calculate the highest common divisor of a and y.
15
Suppose f - 9 - 6 = 0. Suppose 8*v - v - 21 = 0. What is the highest common divisor of v and f?
3
Let k = 31 - 12. Suppose -5*v + 236 + k = 0. Let q(w) = 6*w + 4. Let o be q(5). Calculate the greatest common divisor of v and o.
17
Let c(a) = a**2 + 5*a - 72. Let o be c(-12). What is the highest common factor of 20 and o?
4
Suppose n + n - 2 = 0. Calculate the greatest common divisor of n and 8.
1
Suppose 2*n + 4*u - 50 = 0, 2*n - 5*u + 0*u = 5. Let f = -85 - -220. What is the highest common divisor of n and f?
15
Let a(z) = -z**2 - 10*z - 3. Let w(b) = b - 3. Let d be w(-4). Let k be a(d). Calculate the greatest common divisor of k and 72.
18
Let a be (2/3)/((-2)/(-3)). Let g be (-2 - a/(-1)) + 61. Let h = 13 + -1. What is the greatest common factor of h and g?
12
Suppose -3*b = -21 + 3. Let f be (b/3 - -2)*25. Calculate the greatest common factor of f and 40.
20
Let f(j) be the first derivative of -2*j**3/3 + j**2/2 + j + 3. Let t be f(-1). Let i = t - -9. What is the highest common factor of 63 and i?
7
Suppose 3*s = 4*x - 3*x, 3*x - 4*s - 10 = 0. Suppose m - 30 + x = 0. Calculate the greatest common factor of 3 and m.
3
Suppose -4*k + 176 = -2*l, k - l = -0*k + 44. Suppose -4*o - 2*t = -k, 46 = 4*o - 0*t + t. Calculate the greatest common factor of 48 and o.
12
Let c be ((-98)/35)/((-2)/10). Calculate the highest common factor of 98 and c.
14
Let k(z) = -z**3 - 4*z**2 - 9*z + 2. Let x be k(-6). Calculate the highest common divisor of x and 32.
32
Let v(u) = -u**3 - u. Let i be v(2). Let m = 18 + i. Calculate the highest common divisor of m and 40.
8
Let t(g) = -2*g**3 - 4*g**2 - 2*g + 2. Let k(f) = -3*f + 2. Let a be k(4). Let x = a + 7. Let v be t(x). Calculate the greatest common divisor of 39 and v.
13
Let b(n) = 3*n + 13. Let m be b(10). Suppose 2*h - 32 = i - 8, 2*i = -3*h + m. Let y be 1/(((-6)/52)/(-3)). Calculate the highest common factor of y and h.
13
Let d(p) = -11*p - 3. Let l be d(-3). Let g(a) = -3*a + 3. Let r be g(-1). Calculate the greatest common factor of l and r.
6
Let f = -38 + 68. Calculate the highest common factor of 210 and f.
30
Suppose -2*t - 43 - 9 = 0. Let v be -1*((-1 - 1) + t). What is the greatest common factor of 7 and v?
7
Let l(c) = c**2 - 11*c + 5. Let w be l(10). Let h(t) = -t - 4. Let x be h(w). Calculate the greatest common factor of x and 4.
1
Let g be ((-6 - -2) + 1)*-1. Suppose 0 = -0*c + c + g. Let r be -9*(c + -2*1). What is the highest common factor of r and 5?
5
Suppose 0 = -y - 18 - 16. Let r = 197 - 136. Let t = y + r. What is the highest common factor of 9 and t?
9
Suppose 4*f + 3 - 31 = 0. Let i = 4 + 10. What is the highest common factor of i and f?
7
Suppose -5*s + 2*n - 3 - 19 = 0, 2*s + 9 = n. Suppose -4*j + 9*j = -30. Let t = s - j. What is the greatest common factor of 14 and t?
2
Suppose 2*s + 5*q = 176, q + 308 = s + 3*s. Calculate the highest common factor of s and 6.
6
Suppose -15 - 41 = -q. Suppose 0*s - 3*s = 4*k - 80, -q = -2*s - 4*k. What is the greatest common factor of s and 6?
6
Let h be 1/(3/12) - -2. Suppose 2*w = h, 4*z + 0*w - 5 = 5*w. Let u be 4/(-10) + 12/z. What is the highest common divisor of 18 and u?
2
Suppose 2*o = 4*o + 50. Let y be (-2)/(-5) - (-10)/o. Suppose -3*q + 62 + 19 = y. Calculate the greatest common divisor of 9 and q.
9
Suppose 4*b - 54 = -3*u + 318, -2*u + 3*b = -231. Calculate the highest common factor of 20 and u.
20
Let y(c) = -4*c**3 - 2*c**2 + 4*c + 2. Let v be y(-3). What is the greatest common divisor of v and 10?
10
Suppose -3*a + 28 = a + 4*m, -m - 1 = 0. Let j = 1 - 9. Let y be 34/a + 2/j. Calculate the highest common factor of 20 and y.
4
Suppose -2*b + 22 + 8 = -5*c, -b - 2*c + 15 = 0. What is the highest common factor of 3 and b?
3
Suppose 78 = 3*q - 0*q. Let m = q - 12. Calculate the greatest common factor of m and 126.
14
Suppose -q + 5*g - 54 = 13, 4*q + 3*g = -383. Let x be (-9 - q) + (1 - 3). Suppose -6*v + 3*v = -x. What is the greatest common divisor of v and 9?
9
Let w = -8 + 8. Suppose 0 = -w*c - 3*c + 48. Suppose y = 2*y - c. Calculate the greatest common factor of y and 40.
8
Suppose -225 - 100 = -5*p. Suppose 65 = 7*s - 2*s. What is the highest common factor of s and p?
13
Suppose 12*h = 10*h + 204. What is the highest common divisor of h and 6?
6
Let g(s) = 78*s**3 - 2*s**2 - s. Let d be g(-1). Let n = -46 - d. Calculate the highest common divisor of 11 and n.
11
Let a(d) = -d**2 - 3*d + 36. Let q be a(0). What is the highest common divisor of q and 126?
18
Let b(c) = -5*c**2 - c. Let y be b(1). Let h be 50/3 + y/9. Suppose 5*j + 230 = 3*x - 0*j, 0 = -x + j + 78. Calculate the highest common factor of h and x.
16
Let o(c) = 2*c**2 - 12*c - 10. Suppose 5*p - 50 = -3*q, 2*q - q = p - 10. Let k be o(p). What is the greatest common divisor of k and 28?
14
Let z be 32 + (4*(-1)/2 - -2). Let k(y) = 2*y**3 - 7*y**2 + y. Let q be k(5). What is the greatest common divisor of q and z?
16
Let o(q) = -q + 5. Let k be o(5). Suppose k*s + 3*s - 25 = -4*y, 3*y - 35 = s. What is the greatest common factor of 10 and y?
10
Suppose 4*a + 92 = -3*k + 484, -392 = -4*a - k. What is the greatest common divisor of 28 and a?
14
Suppose -2*l = -t + 13, 0*t - 17 = -t + 4*l. Suppose 5*o - 14 = 3*z, 6*z - 2*z = -12. What is the greatest common divisor of o and t?
1
Let p = 47 + 51. Suppose -28 = -61*x + 59*x. What is the greatest common factor of x and p?
14
Suppose -3*j - 4 = 2*d, 0 = 3*d + 2*j + 1 - 0. Suppose -4*t + 5*y = -30, 0*t = -4*t + y + 22. Calculate the greatest common divisor of d and t.
1
Let t = -1 - -4. Suppose 0 = -4*c + 2*c + 4. Suppose -t*j = -c*i + 153, i + 5*j = 3*i - 159. Calculate the greatest common factor of 8 and i.
8
Let z be (-4)/14 + (-401)/(-7). Let t = z - 30. Suppose 12 = 4*h - 0. What is the highest common divisor of h and t?
3
Suppose 13 - 21 = -2*n. Calculate the highest common factor of 16 and n.
4
Let f(d) = d**2 + 3*d + 4. Let o(w) = -w - 11. Let p be o(-6). Let u be f(p). Calculate the greatest common factor of u and 112.
14
Suppose -13 = -j + 19. What is the greatest common factor of 16 and j?
16
Let d = 80 - 56. Calculate the highest common factor of 40 and d.
8
Let h(a) = 119*a + 1. Let w be h(-1). Let u = -70 - w. Calculate the greatest common divisor of 8 and u.
8
Let q = -1 + 1. Suppose q = -s - 5*d + 8, -2*s = -3*d + 8*d - 26. Suppose r - 3*r = -s. What is the greatest common factor of 72 and r?
9
Let g(n) = -n**2 + 2*n + 68. Let b be g(0). Calculate the greatest common divisor of 17 and b.
17
Suppose 28 = 2*g + 4*c, g - 7*c - 21 = -2*c. Let v be 2/(g/(-234))*-4. Calculate the greatest common divisor of v and 13.
13
Let k(p) = -2*p**3 - 5*p**2 + 12*p. Let x be k(-5). What is the highest common factor of 13 and x?
13
Let v be 6 + 10*(-4)/8. Let g be 3/(-2)*4/(-6). What is the highest common factor of v and g?
1
Suppose 5*n = 18 + 62. Suppose -23 = -3*o + n. Let u = 31 - o. What is the highest common factor of 72 and u?
18
Let n(u) = -4*u - 10. Let w be n(-4). Let t(x) = 2*x**3 + x**2. Let r be t(1). What is the greatest common factor of r and w?
3
Suppose 0 = -3*u + 6, 6*v - 5*v = 4*u - 5. Let y = 32 + -23. What is the greatest common divisor of y and v?
3
Let o = -6 - -24.